e -v = y - 1, 4*y + v + 0*v = 1. Suppose 3*j - 4*t = 84 - 16, -3*t - 6 = y. Suppose -j = -k + 8. What is the tens digit of k?
2
Let k(t) = -t - 3. Let b be k(13). Let i(a) = 4*a - 9. Let x be i(7). Let z = x + b. What is the units digit of z?
3
Let w = 4 + -2. Suppose 4*l + 4*d - 47 = 3*l, w*l = -d + 66. Suppose -2*p = -l + 5. What is the tens digit of p?
1
Let l = -46 - -164. Let h = 184 - l. What is the tens digit of h?
6
Suppose -8976 = -5*q - 2521. What is the thousands digit of q?
1
Let q = -2 - -7. Suppose 0*c = 3*c - 15. Suppose -z + 5*n = -6*z - q, 0 = -z + c*n + 23. What is the units digit of z?
3
Let g be (-2 - (-11 - 3)) + -2. What is the tens digit of (413/(-35))/((-2)/g)?
5
Suppose -5*f = -2*f + 3*j - 21, -2*j - 42 = -5*f. Suppose f*n + 777 = 15*n. What is the units digit of n?
1
Let r = -81 - -51. Let t(s) = 2*s**2 + 11*s + 3. Let l be t(-9). Let y = l + r. What is the units digit of y?
6
Let i(d) = -5*d + 19. Suppose -3*b - 20 = q + 5, 5*b = -2*q - 41. What is the tens digit of i(b)?
6
Suppose h = 7 - 6. Suppose -h = -a + 2*m - 0*m, -a + 1 = -3*m. What is the units digit of a?
1
Let h(v) = -3*v**3 + 6*v**2 - 7*v. Let z(a) = a**3. Let j(m) = h(m) + 4*z(m). Let p be j(-7). Let n = p - -2. What is the units digit of n?
2
Suppose -x + 4*q + 24 = 0, 4*x - 33 = -4*q - q. Suppose -h + 4*w + 36 = -x, -h + 30 = 2*w. What is the tens digit of h?
3
Suppose -4*q + 3*u + 24 = -q, 0 = -4*u + 12. What is the units digit of (q/22)/(2/652)?
3
Suppose -2 = 2*a - 2*y, a + 4 = 5*a - 2*y. Suppose -4*b + a = -13. Suppose b*z = -2 + 18. What is the units digit of z?
4
Let k = 50 + -38. Let y(q) = q**3 - q - 7. Let w be y(0). Let p = w + k. What is the units digit of p?
5
Let h(x) = 37*x - 10. Let z be h(-6). What is the hundreds digit of 3/((-238)/z + -1)?
1
What is the hundreds digit of -327*(30/(-45) - 2/6)?
3
Suppose q = -2*h + 786, -10*q + 5*q + 3945 = -5*h. What is the hundreds digit of q?
7
Suppose -4*n - 36 = -5*b, -3*n - 3 - 9 = 0. What is the units digit of 2/4 - ((-54)/b - -1)?
3
Let z(m) = m**3 - 7*m - 14 - 15 - 13 + 38 + 6*m**2. What is the tens digit of z(-6)?
3
Let b(x) = -3*x + 1. Let g be b(-1). Let a be (-3)/(-1)*80/30. Suppose g*l = 84 + a. What is the tens digit of l?
2
Let y = -3251 + 6343. What is the tens digit of y?
9
Let f(m) = 53*m**3 + m**2 - m + 5. What is the tens digit of f(2)?
3
What is the hundreds digit of (((-1584)/64)/(-9))/((-2)/(-1184))?
6
Let n(x) be the first derivative of 2*x**3/3 + 8*x**2 + 28*x + 48. What is the tens digit of n(-8)?
2
Suppose -3*r + 1 = 4*c + c, -3*r = -c - 7. Suppose -5*j + j + 5*l + 34 = 0, -24 = -r*j - l. What is the units digit of j?
1
Suppose 8 = 2*g, 5*c + g + 2 = 61. Suppose -23 = -b + c. What is the tens digit of b?
3
Suppose 0 = 4*t + 3*r - 1467, r + 1829 = 2*t + 3*t. What is the units digit of t?
6
Suppose -30 = -n + 2*c, 0*c + 108 = 4*n - 4*c. Suppose -n = -2*i + 22. What is the tens digit of i?
2
What is the units digit of (-4)/10 + 0 - 3835572/(-1380)?
9
Let w(c) = -c**2 + 118*c - 326. What is the thousands digit of w(47)?
3
Let z(i) = 2*i**2 - 5*i + 20. What is the units digit of z(-12)?
8
Let s be (1 + 2)/3 + 25. Suppose -2*m + s = -4*u, 7*m - 35 = 2*m + 4*u. What is the units digit of (-1 + 6)*m/3?
5
Let b(l) = l**2 - 9*l + 1. Let d be b(10). Let u = 24 - d. What is the tens digit of u?
1
Let i = -10 + 12. Let m be (i/5)/(2/(-5)). What is the units digit of m*(-19 - 0/4)?
9
What is the units digit of 0/2 + (-48 - 1)*-28?
2
Let d(y) = -5*y + 55. Let k be d(14). What is the tens digit of 375*(1/k)/((-7)/42)?
5
Suppose -8 + 2 = 2*j, -3*b = 2*j - 8961. What is the units digit of b?
9
Let b = -395 + 770. What is the hundreds digit of b?
3
Suppose 7 = -n + 16. Suppose 6*o + n = 7*o. Suppose 2*x - 55 = -o. What is the tens digit of x?
2
Let j(y) = y**2 + 8*y - 8. Let h be j(-10). Suppose -h*i + 935 = 59. What is the tens digit of i?
7
What is the tens digit of (-272)/6*(253/22 + -13)?
6
Let x(g) = 129*g**2 + 10. Let y(l) = -388*l**2 - 28. Let m(j) = -11*x(j) - 4*y(j). What is the tens digit of m(-1)?
3
Let y(v) be the first derivative of -v**4/4 + 8*v**3/3 - 2*v**2 - 5*v - 8. Let h be y(4). Let n = h + -4. What is the tens digit of n?
3
Suppose -41*r + 37*r + 24332 = -3*o, 0 = -4*r - 2*o + 24312. What is the tens digit of r?
8
Let p = 68 - -36. Let i = p + -55. What is the tens digit of i?
4
Suppose -762 = 35*c - 6642. What is the hundreds digit of c?
1
Suppose -12*o = 4558 - 14518. What is the hundreds digit of o?
8
Let f = -100 + 102. Suppose 3*q + 496 = 5*t - 33, 0 = f*t - 4*q - 206. What is the tens digit of t?
0
Suppose -128 = -4*s + 176. Suppose -s - 115 = -t. Suppose t = 4*j + 3*a - 2*a, -2*j + 79 = -5*a. What is the units digit of j?
7
Let d = 11 - 1. Let k be 12/d*25/15. Suppose 0 = -k*i - 2, 3*u - 3*i = 2*u + 13. What is the units digit of u?
0
Let p(n) be the second derivative of n**5/10 - n**4/2 + 5*n**3/6 + 9*n**2/2 - 36*n. What is the units digit of p(5)?
4
Suppose -3*g = -q + 120, -2*q - 33 = 2*g - g. Let j = g + 47. What is the units digit of j?
8
Suppose 5*h + 3 = 13. Let p(k) = 6*k**2 + 2*k + 5. What is the units digit of p(h)?
3
Suppose -8*t = -1889 - 3519. What is the hundreds digit of t?
6
Let f be (-6)/9*-1*-9. Let w(p) = 5*p + 4. Let d be w(f). Let m = 36 + d. What is the tens digit of m?
1
Let m = 738 - 488. What is the units digit of m?
0
Let s(d) = -3*d**3 + d**2 + 2*d + 1. Let g(a) = 2*a - 13. Let i be g(6). Let q be s(i). What is the units digit of (-1)/q*(2 + -17)?
5
Let g be 24/10 - 10/25. Suppose -5*i = 5*q - 2*i, 4*q + 2*i = g. Let p = 4 - q. What is the units digit of p?
1
Suppose 3*y = -5*t + 25, 0 = 2*y - 2*t - 22. Let g(b) = b**2 + y - 5 + 4*b - 3. What is the units digit of g(4)?
4
Suppose 3*c + 10*c = 4277. What is the tens digit of c?
2
Let f(g) be the third derivative of g**5/12 + g**4/4 + 2*g**3/3 + 2*g**2. What is the units digit of f(5)?
9
Let a(c) = 71*c - 60. Let g(k) = 47*k - 40. Let d(x) = 5*a(x) - 8*g(x). What is the units digit of d(-4)?
4
Suppose -10 = -0*h - 5*h. Suppose -9 = h*c - 5*c. Suppose 3*p + 3*x - x - 86 = 0, c*x + 92 = 4*p. What is the tens digit of p?
2
Let f(p) = 2*p - 1. Let w be f(2). Suppose 924 = 6*z - w*z. Suppose -3*i = -5*q + z, -q - 3*i = 3*q - 241. What is the units digit of q?
1
Let c be (4 - 4)/((-1)/1). Suppose c = -2*k + 6 + 8. Suppose -k + 55 = 3*d. What is the units digit of d?
6
Let b(t) be the third derivative of 0*t + 1/3*t**3 + t**2 + 1/6*t**4 + 0. What is the units digit of b(4)?
8
Suppose -3*m = -15 + 3. Suppose -4*f + 894 = 2*y, m*f + y = -2*y + 893. What is the tens digit of f?
2
Suppose 10*k = -k + 41085. What is the units digit of k?
5
Let j be 12/(-6) - (-4)/2. Suppose -2*n = -5*y - 100, -4*n - 2*y - 2*y + 256 = j. What is the units digit of n?
0
Suppose 0 = -2*z + 4*b - 44, 3*z + 4*b + 47 = -19. Let s = z + 75. What is the units digit of s?
3
Let x(t) = -122*t. Let c be x(-3). Suppose -5*u = -s - 404, 5*u - 5*s = c + 54. Suppose 5*f - u = f. What is the units digit of f?
0
Let o(i) = -4*i + 3. Let x be o(2). Let n(b) = -2*b - 6. Let z be n(x). Suppose y + 0*y = z*m - 41, -3*y - 13 = -2*m. What is the units digit of m?
1
Suppose -9*u + 16*u + 42 = 0. What is the units digit of 436/u*12/(-8)?
9
Let m = 21 - -33. Suppose 3*b - 1 = 11. Suppose -25 = 5*t, b*h + 4*t - 2*t = m. What is the units digit of h?
6
Suppose 2*s = -10, -4*n + s + 1119 = 2*s. What is the units digit of n?
1
Let x(k) = -22*k**2 - 2*k. Let v be x(-2). What is the units digit of v/(-21) + (-1 - -1 - -214)?
8
Let z = 52 + -44. Suppose -1164 = z*d - 20*d. What is the units digit of d?
7
Let y(f) = 198*f - 199. What is the thousands digit of y(16)?
2
Suppose -4*r + 2290 = 3*x - x, -r = -4*x - 586. What is the units digit of r?
4
Let o(b) = -58*b + 131. What is the tens digit of o(-4)?
6
Let y = 4 - -8. Let p = y + -18. What is the units digit of 2/(-1)*(p - 14)?
0
Let y(t) = 2*t**3 + 6*t**2 - t - 1. Let h(w) be the first derivative of 3*w**4/4 + 2*w**3 - w + 5. Let b(i) = -3*h(i) + 4*y(i). What is the tens digit of b(4)?
1
Suppose o + o + 158 = 0. What is the units digit of (-18)/(-45) + o*(-4)/10?
2
Let q(m) = -m**2 + 7*m - 5. Let l be q(4). Let y = 12 - l. Suppose -b + y*b - 12 = 0. What is the units digit of b?
3
Suppose 2*b - 